{"id":49,"date":"2023-05-11T20:47:20","date_gmt":"2023-05-11T18:47:20","guid":{"rendered":"https:\/\/splet.smgs.si\/MiskicNikola\/www.outfitgenerator.si\/?page_id=49"},"modified":"2023-05-11T20:47:21","modified_gmt":"2023-05-11T18:47:21","slug":"ekipa","status":"publish","type":"page","link":"https:\/\/splet.smgs.si\/MiskicNikola\/www.outfitgenerator.si\/ekipa\/","title":{"rendered":"Ekipa"},"content":{"rendered":"\n<p>Ko gre za razvoj novega izdelka ali storitve, je imeti na voljo trdno ekipo lahko razlika med uspehom in neuspehom. Vsak \u010dlan ekipe prinese svoj nabor spretnosti, znanja in izku\u0161enj na mizo, in ko vsi delajo skupaj proti skupnemu cilju, so rezultati lahko resni\u010dno impresivni.<\/p>\n\n\n\n<p>V primeru ekipe, omenjene v prej\u0161njem besedilu, je o\u010ditno, da so dobro sodelovali. Sposobnost Lana Kmetca na podro\u010dju mode in estetike je pomagala zagotoviti, da je aplikacija, ki so jo razvijali, izgledala profesionalno in privla\u010dno. Sposobnosti Hane Dolinar na podro\u010dju wireframe oblikovanja in Adobe XD so bile klju\u010dne za ustvarjanje trdnih temeljev za razvoj aplikacije. Tudi prispevek Teje Uranjek pri modeliranju wireframe in oblikovanju logotipa je igral klju\u010dno vlogo pri uspehu projekta. In seveda, Luka Zavasnikove vodstvene sposobnosti in sposobnost u\u010dinkovitega razdeljevanja nalog so zagotovile, da je vsak delal proti istemu cilju in da je bil projekt brez te\u017eav v napredovanju.<\/p>\n\n\n\n<p>Toda kaj pa Nikola Mi\u0161ki\u0107, ki je izvedel uporabni\u0161ke teste? \u010ceprav se lahko njegova vloga zdi manj ble\u0161\u010de\u010da kot tista drugih, je bila enako pomembna. Izvedba uporabni\u0161kih testov je klju\u010dna za zagotovitev, da je izdelek ali storitev uporabniku prijazen in ustreza potrebam ciljne publike. Brez tega koraka bi ekipa lahko razvila aplikacijo, ki izgleda odli\u010dno, vendar je te\u017eko uporabna, kar bi vodilo do slabe uporabni\u0161ke sprejetosti in nazadnje do neuspeha.<\/p>\n\n\n\n<p>Uspeh te ekipe poudarja pomen raznolikosti spretnosti in strokovnosti znotraj ekipe. Vsak \u010dlan ekipe bi moral lahko prispevati nekaj edinstvenega in vrednega k projektu, bodisi tehni\u010dnih spretnosti, ustvarjalnosti ali vodstvenih sposobnosti. In seveda sta u\u010dinkovita komunikacija in sodelovanje klju\u010dna za zagotovitev, da vsi delajo skupaj proti istemu cilju.<\/p>\n\n\n\n<p>Sklepno, uspeh ekipe, omenjene prej, je dokaz mo\u010di sodelovanja, u\u010dinkovitega vodenja in raznolikih naborov spretnosti. Ko vsi delajo proti istemu cilju in prispevajo svoje mo\u010dne to\u010dke k projektu, so rezultati lahko resni\u010dno impresivni<\/p>\n","protected":false},"excerpt":{"rendered":"<p>Ko gre za razvoj novega izdelka ali storitve, je imeti na voljo trdno ekipo lahko [&hellip;]<\/p>\n","protected":false},"author":1,"featured_media":0,"parent":0,"menu_order":0,"comment_status":"closed","ping_status":"closed","template":"","meta":[],"yoast_head":"<!-- This site is optimized with the Yoast SEO plugin v20.7 - https:\/\/yoast.com\/wordpress\/plugins\/seo\/ -->\n<title>Ekipa - OutfitGenerator<\/title>\n<meta name=\"robots\" content=\"index, follow, max-snippet:-1, max-image-preview:large, max-video-preview:-1\" \/>\n<link rel=\"canonical\" href=\"https:\/\/splet.smgs.si\/MiskicNikola\/www.outfitgenerator.si\/ekipa\/\" \/>\n<meta property=\"og:locale\" content=\"en_US\" \/>\n<meta property=\"og:type\" content=\"article\" \/>\n<meta property=\"og:title\" content=\"Ekipa - OutfitGenerator\" \/>\n<meta property=\"og:description\" content=\"Ko gre za razvoj novega izdelka ali storitve, je imeti na voljo trdno ekipo lahko [&hellip;]\" \/>\n<meta property=\"og:url\" content=\"https:\/\/splet.smgs.si\/MiskicNikola\/www.outfitgenerator.si\/ekipa\/\" \/>\n<meta property=\"og:site_name\" content=\"OutfitGenerator\" \/>\n<meta property=\"article:modified_time\" content=\"2023-05-11T18:47:21+00:00\" \/>\n<meta name=\"twitter:card\" content=\"summary_large_image\" \/>\n<meta name=\"twitter:label1\" content=\"Est. reading time\" \/>\n\t<meta name=\"twitter:data1\" content=\"2 minutes\" \/>\n<script type=\"application\/ld+json\" class=\"yoast-schema-graph\">{\"@context\":\"https:\/\/schema.org\",\"@graph\":[{\"@type\":\"WebPage\",\"@id\":\"https:\/\/splet.smgs.si\/MiskicNikola\/www.outfitgenerator.si\/ekipa\/\",\"url\":\"https:\/\/splet.smgs.si\/MiskicNikola\/www.outfitgenerator.si\/ekipa\/\",\"name\":\"Ekipa - OutfitGenerator\",\"isPartOf\":{\"@id\":\"https:\/\/splet.smgs.si\/MiskicNikola\/www.outfitgenerator.si\/#website\"},\"datePublished\":\"2023-05-11T18:47:20+00:00\",\"dateModified\":\"2023-05-11T18:47:21+00:00\",\"breadcrumb\":{\"@id\":\"https:\/\/splet.smgs.si\/MiskicNikola\/www.outfitgenerator.si\/ekipa\/#breadcrumb\"},\"inLanguage\":\"en-US\",\"potentialAction\":[{\"@type\":\"ReadAction\",\"target\":[\"https:\/\/splet.smgs.si\/MiskicNikola\/www.outfitgenerator.si\/ekipa\/\"]}]},{\"@type\":\"BreadcrumbList\",\"@id\":\"https:\/\/splet.smgs.si\/MiskicNikola\/www.outfitgenerator.si\/ekipa\/#breadcrumb\",\"itemListElement\":[{\"@type\":\"ListItem\",\"position\":1,\"name\":\"Home\",\"item\":\"https:\/\/splet.smgs.si\/MiskicNikola\/www.outfitgenerator.si\/\"},{\"@type\":\"ListItem\",\"position\":2,\"name\":\"Ekipa\"}]},{\"@type\":\"WebSite\",\"@id\":\"https:\/\/splet.smgs.si\/MiskicNikola\/www.outfitgenerator.si\/#website\",\"url\":\"https:\/\/splet.smgs.si\/MiskicNikola\/www.outfitgenerator.si\/\",\"name\":\"OutfitGenerator\",\"description\":\"\",\"potentialAction\":[{\"@type\":\"SearchAction\",\"target\":{\"@type\":\"EntryPoint\",\"urlTemplate\":\"https:\/\/splet.smgs.si\/MiskicNikola\/www.outfitgenerator.si\/?s={search_term_string}\"},\"query-input\":\"required name=search_term_string\"}],\"inLanguage\":\"en-US\"}]}<\/script>\n<!-- \/ Yoast SEO plugin. -->","yoast_head_json":{"title":"Ekipa - OutfitGenerator","robots":{"index":"index","follow":"follow","max-snippet":"max-snippet:-1","max-image-preview":"max-image-preview:large","max-video-preview":"max-video-preview:-1"},"canonical":"https:\/\/splet.smgs.si\/MiskicNikola\/www.outfitgenerator.si\/ekipa\/","og_locale":"en_US","og_type":"article","og_title":"Ekipa - OutfitGenerator","og_description":"Ko gre za razvoj novega izdelka ali storitve, je imeti na voljo trdno ekipo lahko [&hellip;]","og_url":"https:\/\/splet.smgs.si\/MiskicNikola\/www.outfitgenerator.si\/ekipa\/","og_site_name":"OutfitGenerator","article_modified_time":"2023-05-11T18:47:21+00:00","twitter_card":"summary_large_image","twitter_misc":{"Est. reading time":"2 minutes"},"schema":{"@context":"https:\/\/schema.org","@graph":[{"@type":"WebPage","@id":"https:\/\/splet.smgs.si\/MiskicNikola\/www.outfitgenerator.si\/ekipa\/","url":"https:\/\/splet.smgs.si\/MiskicNikola\/www.outfitgenerator.si\/ekipa\/","name":"Ekipa - OutfitGenerator","isPartOf":{"@id":"https:\/\/splet.smgs.si\/MiskicNikola\/www.outfitgenerator.si\/#website"},"datePublished":"2023-05-11T18:47:20+00:00","dateModified":"2023-05-11T18:47:21+00:00","breadcrumb":{"@id":"https:\/\/splet.smgs.si\/MiskicNikola\/www.outfitgenerator.si\/ekipa\/#breadcrumb"},"inLanguage":"en-US","potentialAction":[{"@type":"ReadAction","target":["https:\/\/splet.smgs.si\/MiskicNikola\/www.outfitgenerator.si\/ekipa\/"]}]},{"@type":"BreadcrumbList","@id":"https:\/\/splet.smgs.si\/MiskicNikola\/www.outfitgenerator.si\/ekipa\/#breadcrumb","itemListElement":[{"@type":"ListItem","position":1,"name":"Home","item":"https:\/\/splet.smgs.si\/MiskicNikola\/www.outfitgenerator.si\/"},{"@type":"ListItem","position":2,"name":"Ekipa"}]},{"@type":"WebSite","@id":"https:\/\/splet.smgs.si\/MiskicNikola\/www.outfitgenerator.si\/#website","url":"https:\/\/splet.smgs.si\/MiskicNikola\/www.outfitgenerator.si\/","name":"OutfitGenerator","description":"","potentialAction":[{"@type":"SearchAction","target":{"@type":"EntryPoint","urlTemplate":"https:\/\/splet.smgs.si\/MiskicNikola\/www.outfitgenerator.si\/?s={search_term_string}"},"query-input":"required name=search_term_string"}],"inLanguage":"en-US"}]}},"_links":{"self":[{"href":"https:\/\/splet.smgs.si\/MiskicNikola\/www.outfitgenerator.si\/wp-json\/wp\/v2\/pages\/49"}],"collection":[{"href":"https:\/\/splet.smgs.si\/MiskicNikola\/www.outfitgenerator.si\/wp-json\/wp\/v2\/pages"}],"about":[{"href":"https:\/\/splet.smgs.si\/MiskicNikola\/www.outfitgenerator.si\/wp-json\/wp\/v2\/types\/page"}],"author":[{"embeddable":true,"href":"https:\/\/splet.smgs.si\/MiskicNikola\/www.outfitgenerator.si\/wp-json\/wp\/v2\/users\/1"}],"replies":[{"embeddable":true,"href":"https:\/\/splet.smgs.si\/MiskicNikola\/www.outfitgenerator.si\/wp-json\/wp\/v2\/comments?post=49"}],"version-history":[{"count":1,"href":"https:\/\/splet.smgs.si\/MiskicNikola\/www.outfitgenerator.si\/wp-json\/wp\/v2\/pages\/49\/revisions"}],"predecessor-version":[{"id":50,"href":"https:\/\/splet.smgs.si\/MiskicNikola\/www.outfitgenerator.si\/wp-json\/wp\/v2\/pages\/49\/revisions\/50"}],"wp:attachment":[{"href":"https:\/\/splet.smgs.si\/MiskicNikola\/www.outfitgenerator.si\/wp-json\/wp\/v2\/media?parent=49"}],"curies":[{"name":"wp","href":"https:\/\/api.w.org\/{rel}","templated":true}]}}